 is the highest common factor of 15 and 105?
15
Calculate the highest common divisor of 252 and 27.
9
What is the highest common divisor of 95 and 57?
19
Calculate the highest common factor of 10899 and 126.
63
What is the highest common divisor of 260 and 52?
52
What is the greatest common divisor of 17931 and 258?
129
What is the highest common factor of 69 and 851?
23
What is the greatest common divisor of 200 and 530?
10
Calculate the greatest common divisor of 185 and 37.
37
What is the greatest common factor of 175 and 200?
25
Calculate the highest common divisor of 1870 and 140.
10
Calculate the highest common divisor of 26 and 8.
2
Calculate the greatest common divisor of 81 and 3240.
81
What is the highest common factor of 20 and 85?
5
What is the greatest common factor of 119 and 2873?
17
Calculate the highest common divisor of 742 and 14.
14
What is the highest common divisor of 259 and 37?
37
What is the highest common divisor of 588 and 28?
28
Calculate the highest common factor of 4 and 44.
4
What is the greatest common factor of 110 and 66?
22
Calculate the highest common divisor of 64 and 49760.
32
What is the highest common factor of 111 and 999?
111
Calculate the highest common divisor of 2 and 50.
2
Calculate the highest common divisor of 880 and 132.
44
Calculate the highest common divisor of 328 and 41.
41
Calculate the greatest common divisor of 62 and 496.
62
Calculate the highest common divisor of 18 and 558.
18
What is the greatest common factor of 660 and 15?
15
What is the greatest common divisor of 43 and 1075?
43
What is the greatest common divisor of 1780 and 20?
20
What is the greatest common divisor of 1001 and 33?
11
What is the greatest common divisor of 59 and 531?
59
Calculate the highest common divisor of 180 and 1.
1
What is the greatest common divisor of 36048 and 48?
48
What is the greatest common factor of 15355 and 185?
185
Calculate the greatest common factor of 20 and 8.
4
What is the highest common factor of 100 and 6250?
50
What is the highest common divisor of 65 and 5?
5
What is the greatest common factor of 2432 and 38?
38
What is the greatest common divisor of 445 and 40?
5
What is the highest common factor of 104 and 546?
26
Calculate the highest common factor of 76 and 646.
38
Calculate the greatest common divisor of 306 and 374.
34
Calculate the highest common factor of 4 and 1.
1
What is the greatest common divisor of 64 and 2272?
32
Calculate the greatest common divisor of 90 and 1215.
45
Calculate the greatest common factor of 1204 and 28.
28
What is the greatest common factor of 117 and 663?
39
What is the greatest common divisor of 2 and 45?
1
What is the greatest common divisor of 203 and 14?
7
What is the highest common divisor of 18629 and 13?
13
What is the greatest common factor of 325 and 15?
5
What is the greatest common divisor of 2 and 50?
2
What is the highest common divisor of 180 and 1035?
45
Calculate the greatest common divisor of 368 and 16.
16
What is the highest common divisor of 9 and 36?
9
What is the greatest common factor of 2320 and 80?
80
What is the greatest common factor of 2959 and 297?
11
Calculate the highest common factor of 247 and 15067.
247
What is the greatest common factor of 140 and 8260?
140
Calculate the greatest common divisor of 2024 and 88.
88
Calculate the greatest common divisor of 2863 and 28.
7
Calculate the highest common factor of 28 and 2800.
28
What is the highest common factor of 75 and 75?
75
What is the highest common divisor of 35 and 1071?
7
Calculate the highest common factor of 2 and 119.
1
Calculate the greatest common divisor of 628 and 4.
4
What is the highest common divisor of 903 and 24080?
301
What is the highest common divisor of 18436 and 44?
44
Calculate the greatest common divisor of 9230 and 1040.
130
Calculate the greatest common factor of 360 and 270.
90
What is the highest common factor of 325 and 104?
13
Calculate the highest common factor of 115 and 299.
23
Calculate the highest common factor of 469 and 268.
67
What is the greatest common factor of 54 and 135?
27
What is the greatest common divisor of 3551 and 67?
67
Calculate the greatest common divisor of 5 and 115.
5
Calculate the highest common factor of 2835 and 3885.
105
What is the greatest common factor of 18929 and 23?
23
What is the highest common factor of 1586 and 819?
13
What is the greatest common factor of 3638 and 68?
34
What is the highest common divisor of 6 and 714?
6
Calculate the highest common factor of 60 and 930.
30
What is the greatest common factor of 567 and 84?
21
Calculate the highest common divisor of 176 and 128.
16
Calculate the greatest common divisor of 28706 and 124.
62
Calculate the greatest common factor of 36 and 1500.
12
What is the greatest common factor of 30 and 2830?
10
Calculate the greatest common divisor of 95 and 361.
19
Calculate the highest common divisor of 1128 and 792.
24
What is the greatest common factor of 460 and 506?
46
What is the greatest common divisor of 160 and 2480?
80
What is the greatest common divisor of 807 and 9?
3
Calculate the greatest common divisor of 40 and 110.
10
Calculate the greatest common factor of 108 and 20.
4
What is the highest common divisor of 378 and 414?
18
What is the greatest common factor of 100 and 140?
20
What is the highest common divisor of 43740 and 36?
36
Calculate the greatest common factor of 370 and 222.
74
Calculate the highest common divisor of 42 and 4074.
42
Calculate the greatest common factor of 57 and 3.
3
Calculate the greatest common factor of 296 and 72.
8
Calculate the highest common factor of 67 and 2.
1
Calculate the highest common factor of 380 and 6745.
95
What is the greatest common divisor of 1040 and 39?
13
What is the greatest common factor of 185 and 1147?
37
What is the highest common factor of 33488 and 13?
13
What is the highest common divisor of 40262 and 246?
82
What is the greatest common divisor of 150 and 33450?
150
Calculate the highest common divisor of 225 and 475.
25
What is the greatest common factor of 15 and 160?
5
What is the greatest common divisor of 59 and 59?
59
Calculate the highest common factor of 2360 and 40.
40
What is the highest common factor of 34 and 697?
17
What is the highest common factor of 106 and 1961?
53
Calculate the highest common divisor of 270 and 4410.
90
Calculate the greatest common factor of 117 and 26.
13
What is the highest common divisor of 15 and 65?
5
Calculate the greatest common divisor of 14 and 2338.
14
What is the highest common divisor of 3773 and 33?
11
What is the highest common factor of 132 and 88?
44
Calculate the greatest common divisor of 184 and 161.
23
What is the greatest common factor of 775 and 1240?
155
Calculate the highest common divisor of 92 and 5980.
92
What is the highest common factor of 6868 and 136?
68
What is the highest common divisor of 21 and 119?
7
Calculate the greatest common factor of 60 and 408.
12
Calculate the greatest common divisor of 225 and 25.
25
Calculate the greatest common factor of 252 and 3.
3
What is the highest common factor of 10282 and 194?
194
What is the greatest common divisor of 84 and 5103?
21
What is the highest common factor of 875 and 63?
7
Calculate the greatest common divisor of 989 and 391.
23
Calculate the highest common divisor of 35 and 63.
7
What is the highest common divisor of 7392 and 64?
32
Calculate the greatest common factor of 9225 and 36.
9
What is the highest common factor of 29 and 6?
1
Calculate the highest common factor of 2 and 5.
1
Calculate the greatest common divisor of 162 and 180.
18
What is the greatest common divisor of 6 and 32?
2
What is the greatest common divisor of 1582 and 3842?
226
What is the highest common divisor of 21 and 63?
21
What is the highest common divisor of 315 and 54?
9
What is the greatest common factor of 472 and 1136?
8
What is the highest common factor of 184 and 24?
8
What is the greatest common divisor of 162 and 36?
18
What is the greatest common factor of 85 and 135?
5
Calculate the greatest common factor of 56 and 7.
7
What is the greatest common divisor of 126 and 33978?
42
Calculate the highest common factor of 424 and 17278.
106
What is the highest common divisor of 36664 and 8?